{"id":5366,"date":"2022-08-19T03:22:47","date_gmt":"2022-08-19T03:22:47","guid":{"rendered":"https:\/\/demo2wpopal.b-cdn.net\/behub\/?page_id=5366"},"modified":"2024-03-20T12:36:32","modified_gmt":"2024-03-20T11:36:32","slug":"ofrecemos","status":"publish","type":"page","link":"https:\/\/smilyspaces.com\/?page_id=5366","title":{"rendered":"Que Ofrecemos?"},"content":{"rendered":"\t\t<div data-elementor-type=\"wp-page\" data-elementor-id=\"5366\" class=\"elementor elementor-5366\">\n\t\t\t\t\t\t<div class=\"elementor-section elementor-top-section elementor-element elementor-element-2f66c9f elementor-section-stretched elementor-section-boxed elementor-section-height-default elementor-section-height-default\" data-id=\"2f66c9f\" data-element_type=\"section\" data-e-type=\"section\" data-settings=\"{&quot;stretch_section&quot;:&quot;section-stretched&quot;}\">\n\t\t\t\t\t\t<div class=\"elementor-container elementor-column-gap-no\">\n\t\t\t\t\t<div class=\"elementor-column elementor-col-50 elementor-top-column elementor-element elementor-element-5ed0763\" data-id=\"5ed0763\" data-element_type=\"column\" data-e-type=\"column\">\n\t\t\t<div class=\"elementor-widget-wrap elementor-element-populated\">\n\t\t\t\t\t\t<div class=\"elementor-element elementor-element-c438496 elementor-widget elementor-widget-heading\" data-id=\"c438496\" data-element_type=\"widget\" data-e-type=\"widget\" data-widget_type=\"heading.default\">\n\t\t\t\t<div class=\"elementor-widget-container\">\n\t\t\t\t\t<h2 class=\"elementor-heading-title elementor-size-default\">Espacio de trabajo en cualquier lugar\n<\/h2>\t\t\t\t<\/div>\n\t\t\t\t<\/div>\n\t\t\t\t<div class=\"elementor-element elementor-element-c48040b elementor-widget elementor-widget-heading\" data-id=\"c48040b\" data-element_type=\"widget\" data-e-type=\"widget\" data-widget_type=\"heading.default\">\n\t\t\t\t<div class=\"elementor-widget-container\">\n\t\t\t\t\t<h2 class=\"elementor-heading-title elementor-size-default\">Lo mejor en soluciones para espacios de trabajo<\/h2>\t\t\t\t<\/div>\n\t\t\t\t<\/div>\n\t\t\n\t\t<div class=\"elementor-element elementor-element-efa0d3d elementor-widget__width-initial elementor-widget elementor-widget-text-editor\" data-id=\"efa0d3d\" data-element_type=\"widget\" data-e-type=\"widget\" data-widget_type=\"text-editor.default\">\n\t\t\t\t<div class=\"elementor-widget-container\">\n\t\t\t\t\t\t\t\t\t<p>Comience cada d\u00eda con el mejor ambiente de trabajo, un excelente caf\u00e9 y un entorno que genere productividad. Con t\u00e9rminos de contrato flexibles, ya sea en un espacio compartido, una cabina privada o un piso totalmente personalizado, encontrar\u00e1 el espacio a su medida y en el que inspirarse.<\/p>\t\t\t\t\t\t\t\t<\/div>\n\t\t\t\t<\/div>\n\t\t\t\t<div class=\"elementor-element elementor-element-3cb5462 elementor-button-typo-link elementor-mobile-align-center button-style-behub-yes elementor-widget elementor-widget-button\" data-id=\"3cb5462\" data-element_type=\"widget\" data-e-type=\"widget\" data-widget_type=\"button.default\">\n\t\t\t\t<div class=\"elementor-widget-container\">\n\t\t\t\t\t\t\t\t\t<div class=\"elementor-button-wrapper\">\n\t\t\t\t\t<a class=\"elementor-button elementor-button-link elementor-size-sm\" href=\"https:\/\/smilyspaces.com\/contacto\/\">\n\t\t\t\t\t\t<span class=\"elementor-button-content-wrapper\">\n\t\t\t\t\t\t\t\t\t<span class=\"elementor-button-text\">Ponerse en contacto<\/span>\n\t\t\t\t\t<\/span>\n\t\t\t\t\t<\/a>\n\t\t\t\t<\/div>\n\t\t\t\t\t\t\t\t<\/div>\n\t\t\t\t<\/div>\n\t\t\t\t\t<\/div>\n\t\t<\/div>\n\t\t\t\t<div class=\"elementor-column elementor-col-50 elementor-top-column elementor-element elementor-element-53f4d30\" data-id=\"53f4d30\" data-element_type=\"column\" data-e-type=\"column\">\n\t\t\t<div class=\"elementor-widget-wrap elementor-element-populated\">\n\t\t\t\t\t\t<div class=\"elementor-element elementor-element-833eb1d elementor-widget elementor-widget-image\" data-id=\"833eb1d\" data-element_type=\"widget\" data-e-type=\"widget\" data-widget_type=\"image.default\">\n\t\t\t\t<div class=\"elementor-widget-container\">\n\t\t\t\t\t\t\t\t\t\t\t\t\t\t\t<img fetchpriority=\"high\" decoding=\"async\" width=\"740\" height=\"440\" src=\"https:\/\/smilyspaces.com\/wp-content\/uploads\/2022\/08\/spaceoffer_pic.jpg\" class=\"attachment-full size-full wp-image-2654\" alt=\"\" srcset=\"https:\/\/smilyspaces.com\/wp-content\/uploads\/2022\/08\/spaceoffer_pic.jpg 740w, https:\/\/smilyspaces.com\/wp-content\/uploads\/2022\/08\/spaceoffer_pic-300x178.jpg 300w, https:\/\/smilyspaces.com\/wp-content\/uploads\/2022\/08\/spaceoffer_pic-600x357.jpg 600w\" sizes=\"(max-width: 740px) 100vw, 740px\" \/>\t\t\t\t\t\t\t\t\t\t\t\t\t\t\t<\/div>\n\t\t\t\t<\/div>\n\t\t\t\t\t<\/div>\n\t\t<\/div>\n\t\t\t\t\t<\/div>\n\t\t<\/div>\n\t\t\t\t<div class=\"elementor-section elementor-top-section elementor-element elementor-element-73b2491 elementor-section-stretched elementor-section-boxed elementor-section-height-default elementor-section-height-default\" data-id=\"73b2491\" data-element_type=\"section\" data-e-type=\"section\" data-settings=\"{&quot;stretch_section&quot;:&quot;section-stretched&quot;,&quot;background_background&quot;:&quot;gradient&quot;}\">\n\t\t\t\t\t\t<div class=\"elementor-container elementor-column-gap-no\">\n\t\t\t\t\t<div class=\"elementor-column elementor-col-100 elementor-top-column elementor-element elementor-element-a7435a9\" data-id=\"a7435a9\" data-element_type=\"column\" data-e-type=\"column\" data-settings=\"{&quot;background_background&quot;:&quot;classic&quot;}\">\n\t\t\t<div class=\"elementor-widget-wrap elementor-element-populated\">\n\t\t\t\t\t\t<div class=\"elementor-section elementor-inner-section elementor-element elementor-element-fba3875 elementor-section-boxed elementor-section-height-default elementor-section-height-default\" data-id=\"fba3875\" data-element_type=\"section\" data-e-type=\"section\">\n\t\t\t\t\t\t<div class=\"elementor-container elementor-column-gap-no\">\n\t\t\t\t\t<div class=\"elementor-column elementor-col-100 elementor-inner-column elementor-element elementor-element-74b0bcd\" data-id=\"74b0bcd\" data-element_type=\"column\" data-e-type=\"column\">\n\t\t\t<div class=\"elementor-widget-wrap elementor-element-populated\">\n\t\t\t\t\t\t<div class=\"elementor-element elementor-element-1a9f572 dots-style-1 elementor-widget elementor-widget-behub-workspace\" data-id=\"1a9f572\" data-element_type=\"widget\" data-e-type=\"widget\" data-widget_type=\"behub-workspace.default\">\n\t\t\t\t<div class=\"elementor-widget-container\">\n\t\t\t\t\t        <div class=\"elementor-workspace-wrapper\">\n            <div class=\"row\" data-elementor-columns=\"1\" data-elementor-columns-tablet=\"1\" data-elementor-columns-mobile=\"1\">\n\n                \n<div class=\"column-item workspace-style-1\">\n    <article class=\"workspace post-1925 behub_workspace type-behub_workspace status-publish has-post-thumbnail hentry\">\n        <div class=\"workspace-inner\">\n            <div class=\"workspace-post-thumbnail\">\n                                    <img decoding=\"async\" width=\"1260\" height=\"800\" src=\"https:\/\/smilyspaces.com\/wp-content\/uploads\/2022\/08\/Oficina-1-2-personas-1-1260x800.jpg\" class=\"attachment-behub-workspace-grid size-behub-workspace-grid wp-post-image\" alt=\"\" \/>                            <\/div><!-- .post-thumbnail -->\n            <div class=\"workspace-content\">\n                                <h4 class=\"entry-title\"><a href=\"https:\/\/smilyspaces.com\/?behub_workspace=oficinas-privadas\">Oficinas Privadas<\/a><\/h4>\n                                    <div class=\"team\">\n                        <i class=\"behub-icon-team-size\"><\/i><span>Ideal for team size 1 - 3<\/span>\n                    <\/div>\n                                                    <div class=\"description\">\n                        Descripci\u00f3n de la oficina:\r\n1-3 escritorios\r\n1-3 sillas ergon\u00f3micas\r\nPuerta separada con cerradura de llave\r\nArchivador y perchero\r\nImpresora y recepci\u00f3n\r\nEstancia m\u00ednima de 6 meses.\r\ndeposito de 1 mes\r\nTodas las facturas incluidas\r\nPares del sector tecnol\u00f3gico espa\u00f1ol e internacional\r\nPrograme una visita.                    <\/div>\n                                                    <div class=\"price\">\n                        <label>from<\/label>\n                        <span>Consultar precio<\/span>\n                    <\/div>\n                                <div class=\"workspace-button\">\n                    <a class=\"button-more-link\" href=\"https:\/\/smilyspaces.com\/?behub_workspace=oficinas-privadas\">\n                        <span>learn more<\/span>\n                    <\/a>\n                <\/div>\n            <\/div>\n        <\/div>\n    <\/article><!-- #post-## -->\n<\/div>\n<div class=\"column-item workspace-style-1\">\n    <article class=\"workspace post-1926 behub_workspace type-behub_workspace status-publish has-post-thumbnail hentry\">\n        <div class=\"workspace-inner\">\n            <div class=\"workspace-post-thumbnail\">\n                                    <img decoding=\"async\" width=\"884\" height=\"680\" src=\"https:\/\/smilyspaces.com\/wp-content\/uploads\/2023\/01\/Oficina-6-pax-4.jpeg\" class=\"attachment-behub-workspace-grid size-behub-workspace-grid wp-post-image\" alt=\"\" srcset=\"https:\/\/smilyspaces.com\/wp-content\/uploads\/2023\/01\/Oficina-6-pax-4.jpeg 884w, https:\/\/smilyspaces.com\/wp-content\/uploads\/2023\/01\/Oficina-6-pax-4-300x231.jpeg 300w, https:\/\/smilyspaces.com\/wp-content\/uploads\/2023\/01\/Oficina-6-pax-4-768x591.jpeg 768w, https:\/\/smilyspaces.com\/wp-content\/uploads\/2023\/01\/Oficina-6-pax-4-600x462.jpeg 600w\" sizes=\"(max-width: 884px) 100vw, 884px\" \/>                            <\/div><!-- .post-thumbnail -->\n            <div class=\"workspace-content\">\n                                <h4 class=\"entry-title\"><a href=\"https:\/\/smilyspaces.com\/?behub_workspace=oficinas-6\">Oficinas 6 personas<\/a><\/h4>\n                                    <div class=\"team\">\n                        <i class=\"behub-icon-team-size\"><\/i><span>Ideal for team size 1 - 6<\/span>\n                    <\/div>\n                                                    <div class=\"description\">\n                        Descripci\u00f3n de la oficina:\r\n6 escritorios\r\n6 sillas ergon\u00f3micas\r\nPuerta separada con cerradura de llave\r\nArchivador y perchero\r\nImpresora y recepci\u00f3n\r\nEstancia m\u00ednima de 6 meses.\r\ndeposito de 1 mes\r\nTodas las facturas incluidas\r\nPares del sector tecnol\u00f3gico espa\u00f1ol e internacional\r\nPrograme una visita.                    <\/div>\n                                                    <div class=\"price\">\n                        <label>from<\/label>\n                        <span>Consultar precio<\/span>\n                    <\/div>\n                                <div class=\"workspace-button\">\n                    <a class=\"button-more-link\" href=\"https:\/\/smilyspaces.com\/?behub_workspace=oficinas-6\">\n                        <span>learn more<\/span>\n                    <\/a>\n                <\/div>\n            <\/div>\n        <\/div>\n    <\/article><!-- #post-## -->\n<\/div>\n<div class=\"column-item workspace-style-1\">\n    <article class=\"workspace post-1927 behub_workspace type-behub_workspace status-publish has-post-thumbnail hentry\">\n        <div class=\"workspace-inner\">\n            <div class=\"workspace-post-thumbnail\">\n                                    <img loading=\"lazy\" decoding=\"async\" width=\"1024\" height=\"683\" src=\"https:\/\/smilyspaces.com\/wp-content\/uploads\/2022\/08\/WhatsApp-Image-2022-02-24-at-19.00.12-6-1.jpeg\" class=\"attachment-behub-workspace-grid size-behub-workspace-grid wp-post-image\" alt=\"\" srcset=\"https:\/\/smilyspaces.com\/wp-content\/uploads\/2022\/08\/WhatsApp-Image-2022-02-24-at-19.00.12-6-1.jpeg 1024w, https:\/\/smilyspaces.com\/wp-content\/uploads\/2022\/08\/WhatsApp-Image-2022-02-24-at-19.00.12-6-1-300x200.jpeg 300w, https:\/\/smilyspaces.com\/wp-content\/uploads\/2022\/08\/WhatsApp-Image-2022-02-24-at-19.00.12-6-1-768x512.jpeg 768w, https:\/\/smilyspaces.com\/wp-content\/uploads\/2022\/08\/WhatsApp-Image-2022-02-24-at-19.00.12-6-1-600x400.jpeg 600w\" sizes=\"(max-width: 1024px) 100vw, 1024px\" \/>                            <\/div><!-- .post-thumbnail -->\n            <div class=\"workspace-content\">\n                                <h4 class=\"entry-title\"><a href=\"https:\/\/smilyspaces.com\/?behub_workspace=oficinas-8\">Oficinas 8 personas<\/a><\/h4>\n                                    <div class=\"team\">\n                        <i class=\"behub-icon-team-size\"><\/i><span>Ideal for team size 1 - 8<\/span>\n                    <\/div>\n                                                    <div class=\"description\">\n                        Descripci\u00f3n de la oficina:\r\n8 escritorios\r\n8 sillas ergon\u00f3micas\r\nPuerta separada con cerradura de llave\r\nArchivador y perchero\r\nImpresora y recepci\u00f3n\r\nEstancia m\u00ednima de 6 meses.\r\ndeposito de 1 mes\r\nTodas las facturas incluidas\r\nPares del sector tecnol\u00f3gico espa\u00f1ol e internacional\r\nPrograme una visita.                    <\/div>\n                                                    <div class=\"price\">\n                        <label>from<\/label>\n                        <span>Consultar precio<\/span>\n                    <\/div>\n                                <div class=\"workspace-button\">\n                    <a class=\"button-more-link\" href=\"https:\/\/smilyspaces.com\/?behub_workspace=oficinas-8\">\n                        <span>learn more<\/span>\n                    <\/a>\n                <\/div>\n            <\/div>\n        <\/div>\n    <\/article><!-- #post-## -->\n<\/div>\n<div class=\"column-item workspace-style-1\">\n    <article class=\"workspace post-1928 behub_workspace type-behub_workspace status-publish has-post-thumbnail hentry\">\n        <div class=\"workspace-inner\">\n            <div class=\"workspace-post-thumbnail\">\n                                    <img loading=\"lazy\" decoding=\"async\" width=\"1024\" height=\"683\" src=\"https:\/\/smilyspaces.com\/wp-content\/uploads\/2022\/08\/Oficina-12-pax-2-1.jpeg\" class=\"attachment-behub-workspace-grid size-behub-workspace-grid wp-post-image\" alt=\"\" srcset=\"https:\/\/smilyspaces.com\/wp-content\/uploads\/2022\/08\/Oficina-12-pax-2-1.jpeg 1024w, https:\/\/smilyspaces.com\/wp-content\/uploads\/2022\/08\/Oficina-12-pax-2-1-300x200.jpeg 300w, https:\/\/smilyspaces.com\/wp-content\/uploads\/2022\/08\/Oficina-12-pax-2-1-768x512.jpeg 768w, https:\/\/smilyspaces.com\/wp-content\/uploads\/2022\/08\/Oficina-12-pax-2-1-600x400.jpeg 600w\" sizes=\"(max-width: 1024px) 100vw, 1024px\" \/>                            <\/div><!-- .post-thumbnail -->\n            <div class=\"workspace-content\">\n                                <h4 class=\"entry-title\"><a href=\"https:\/\/smilyspaces.com\/?behub_workspace=oficinas-12\">Oficinas 10-12 personas<\/a><\/h4>\n                                    <div class=\"team\">\n                        <i class=\"behub-icon-team-size\"><\/i><span>Ideal for team size 10-12<\/span>\n                    <\/div>\n                                                    <div class=\"description\">\n                        Descripci\u00f3n de la oficina:\r\n10-12 escritorios\r\n10-12 sillas ergon\u00f3micas\r\nPuerta separada con cerradura de llave\r\nArchivador y perchero\r\nImpresora y recepci\u00f3n\r\nEstancia m\u00ednima de 6 meses.\r\ndeposito de 1 mes\r\nTodas las facturas incluidas\r\nPares del sector tecnol\u00f3gico espa\u00f1ol e internacional\r\nPrograme una visita.                    <\/div>\n                                                    <div class=\"price\">\n                        <label>from<\/label>\n                        <span>Consultar precio<\/span>\n                    <\/div>\n                                <div class=\"workspace-button\">\n                    <a class=\"button-more-link\" href=\"https:\/\/smilyspaces.com\/?behub_workspace=oficinas-12\">\n                        <span>learn more<\/span>\n                    <\/a>\n                <\/div>\n            <\/div>\n        <\/div>\n    <\/article><!-- #post-## -->\n<\/div>            <\/div>\n        <\/div>\n        \t\t\t\t<\/div>\n\t\t\t\t<\/div>\n\t\t\t\t\t<\/div>\n\t\t<\/div>\n\t\t\t\t\t<\/div>\n\t\t<\/div>\n\t\t\t\t\t<\/div>\n\t\t<\/div>\n\t\t\t\t\t<\/div>\n\t\t<\/div>\n\t\t\t\t<\/div>\n\t\t","protected":false},"excerpt":{"rendered":"<p>Espacio de trabajo en cualquier lugar Lo mejor en soluciones para espacios de trabajo Comience cada d\u00eda con el mejor ambiente de trabajo, un excelente caf\u00e9 y un entorno que genere productividad. Con t\u00e9rminos de contrato flexibles, ya sea en un espacio compartido, una cabina privada o un piso totalmente personalizado, encontrar\u00e1 el espacio a [&hellip;]<\/p>\n","protected":false},"author":1,"featured_media":0,"parent":0,"menu_order":0,"comment_status":"closed","ping_status":"closed","template":"template-homepage.php","meta":{"inline_featured_image":false,"footnotes":""},"class_list":["post-5366","page","type-page","status-publish","hentry"],"aioseo_notices":[],"_links":{"self":[{"href":"https:\/\/smilyspaces.com\/index.php?rest_route=\/wp\/v2\/pages\/5366","targetHints":{"allow":["GET"]}}],"collection":[{"href":"https:\/\/smilyspaces.com\/index.php?rest_route=\/wp\/v2\/pages"}],"about":[{"href":"https:\/\/smilyspaces.com\/index.php?rest_route=\/wp\/v2\/types\/page"}],"author":[{"embeddable":true,"href":"https:\/\/smilyspaces.com\/index.php?rest_route=\/wp\/v2\/users\/1"}],"replies":[{"embeddable":true,"href":"https:\/\/smilyspaces.com\/index.php?rest_route=%2Fwp%2Fv2%2Fcomments&post=5366"}],"version-history":[{"count":30,"href":"https:\/\/smilyspaces.com\/index.php?rest_route=\/wp\/v2\/pages\/5366\/revisions"}],"predecessor-version":[{"id":12895,"href":"https:\/\/smilyspaces.com\/index.php?rest_route=\/wp\/v2\/pages\/5366\/revisions\/12895"}],"wp:attachment":[{"href":"https:\/\/smilyspaces.com\/index.php?rest_route=%2Fwp%2Fv2%2Fmedia&parent=5366"}],"curies":[{"name":"wp","href":"https:\/\/api.w.org\/{rel}","templated":true}]}}